{"id":2,"date":"2023-04-24T15:45:56","date_gmt":"2023-04-24T15:45:56","guid":{"rendered":"https:\/\/milijunas-hrvatska.com\/?page_id=2"},"modified":"2024-09-02T11:20:44","modified_gmt":"2024-09-02T11:20:44","slug":"sample-page","status":"publish","type":"page","link":"https:\/\/milijunas-hrvatska.com\/","title":{"rendered":"Milijuna\u0161 Hrvatska"},"content":{"rendered":"\t<section class=\"section\" id=\"section_873881953\">\n\t\t<div class=\"bg section-bg fill bg-fill  bg-loaded\" >\n\n\t\t\t\n\t\t\t\n\t\t\t\n\n\t\t<\/div>\n\n\t\t\n\n\t\t<div class=\"section-content relative\">\n\t\t\t\n<div class=\"row\"  id=\"row-1052515038\">\n\n\t<div id=\"col-1640061990\" class=\"col medium-6 small-7 large-6\"  >\n\t\t\t\t<div class=\"col-inner\"  >\n\t\t\t\n\t\t\t\n\t<div class=\"box has-hover   has-hover box-text-bottom\" >\n\n\t\t<div class=\"box-image\" style=\"width:41%;\">\n\t\t\t\t\t\t<div class=\"\" >\n\t\t\t\t<img loading=\"lazy\" decoding=\"async\" width=\"300\" height=\"300\" src=\"https:\/\/milijunas-hrvatska.com\/wp-content\/uploads\/2023\/04\/311179222_182531354289191_4078534098345751594_n-300x300.jpg\" class=\"attachment-medium size-medium\" alt=\"\" srcset=\"https:\/\/milijunas-hrvatska.com\/wp-content\/uploads\/2023\/04\/311179222_182531354289191_4078534098345751594_n-300x300.jpg 300w, https:\/\/milijunas-hrvatska.com\/wp-content\/uploads\/2023\/04\/311179222_182531354289191_4078534098345751594_n-1024x1024.jpg 1024w, https:\/\/milijunas-hrvatska.com\/wp-content\/uploads\/2023\/04\/311179222_182531354289191_4078534098345751594_n-150x150.jpg 150w, https:\/\/milijunas-hrvatska.com\/wp-content\/uploads\/2023\/04\/311179222_182531354289191_4078534098345751594_n-768x768.jpg 768w, https:\/\/milijunas-hrvatska.com\/wp-content\/uploads\/2023\/04\/311179222_182531354289191_4078534098345751594_n-1536x1536.jpg 1536w, https:\/\/milijunas-hrvatska.com\/wp-content\/uploads\/2023\/04\/311179222_182531354289191_4078534098345751594_n.jpg 2048w\" sizes=\"auto, (max-width: 300px) 100vw, 300px\" \/>\t\t\t\t\t\t\t\t\t\t\t<\/div>\n\t\t\t\t\t<\/div>\n\n\t\t<div class=\"box-text text-center\" >\n\t\t\t<div class=\"box-text-inner\">\n\t\t\t\t\n\t<div id=\"gap-1611899860\" class=\"gap-element clearfix\" style=\"display:block; height:auto;\">\n\t\t\n<style>\n#gap-1611899860 {\n  padding-top: 9px;\n}\n@media (min-width:550px) {\n  #gap-1611899860 {\n    padding-top: 30px;\n  }\n}\n<\/style>\n\t<\/div>\n\t\n\t<div id=\"text-1466334451\" class=\"text\">\n\t\t\n<h2 class=\"uppercase\"><strong>PAMETNJAKOVI\u0106 HRVATSKA<\/strong><\/h2>\n\t\t\n<style>\n#text-1466334451 {\n  font-size: 1.25rem;\n  color: rgb(0,0,0);\n}\n#text-1466334451 > * {\n  color: rgb(0,0,0);\n}\n@media (min-width:550px) {\n  #text-1466334451 {\n    font-size: 1.5rem;\n  }\n}\n<\/style>\n\t<\/div>\n\t\n\t<div id=\"text-4217498509\" class=\"text\">\n\t\t\n<p>Provjerite svoje znanje u legendarnom kvizu Pametnjakovi\u0107 Hrvatska i natje\u010dite se za prvo mjesto na ljestvici najboljih igra\u010da!<\/p>\n\t\t\n<style>\n#text-4217498509 {\n  font-size: 0.75rem;\n  color: rgb(0,0,0);\n}\n#text-4217498509 > * {\n  color: rgb(0,0,0);\n}\n@media (min-width:550px) {\n  #text-4217498509 {\n    font-size: 1.25rem;\n  }\n}\n<\/style>\n\t<\/div>\n\t\n\t<div id=\"gap-1574260329\" class=\"gap-element clearfix\" style=\"display:block; height:auto;\">\n\t\t\n<style>\n#gap-1574260329 {\n  padding-top: 18px;\n}\n@media (min-width:550px) {\n  #gap-1574260329 {\n    padding-top: 31px;\n  }\n}\n<\/style>\n\t<\/div>\n\t\n<div class=\"row row-collapse align-center\" style=\"max-width:412px\" id=\"row-122913629\">\n\n\t<div id=\"col-2121778260\" class=\"col medium-6 small-8 large-6\"  >\n\t\t\t\t<div class=\"col-inner\"  >\n\t\t\t\n\t\t\t\n\t<div class=\"img has-hover x md-x lg-x y md-y lg-y\" id=\"image_1847611496\">\n\t\t<a class=\"\" href=\"https:\/\/apps.apple.com\/us\/app\/pametnjakovi\u0107-hrvatska\/id1670781330?ign-itscg=30200&amp;ign-itsct=apps_box_badge\" >\t\t\t\t\t\t<div class=\"img-inner dark\" >\n\t\t\t<img loading=\"lazy\" decoding=\"async\" width=\"498\" height=\"167\" src=\"https:\/\/milijunas-hrvatska.com\/wp-content\/uploads\/2023\/05\/5a902db97f96951c82922874.png\" class=\"attachment-original size-original\" alt=\"\" srcset=\"https:\/\/milijunas-hrvatska.com\/wp-content\/uploads\/2023\/05\/5a902db97f96951c82922874.png 498w, https:\/\/milijunas-hrvatska.com\/wp-content\/uploads\/2023\/05\/5a902db97f96951c82922874-300x101.png 300w\" sizes=\"auto, (max-width: 498px) 100vw, 498px\" \/>\t\t\t\t\t\t\n\t\t\t\t\t<\/div>\n\t\t\t\t\t\t<\/a>\t\t\n<style>\n#image_1847611496 {\n  width: 100%;\n}\n<\/style>\n\t<\/div>\n\t\n\t\t<\/div>\n\t\t\t\t\n<style>\n#col-2121778260 > .col-inner {\n  padding: 14px 0px 0px 6px;\n  max-width: 160px;\n}\n@media (min-width:550px) {\n  #col-2121778260 > .col-inner {\n    padding: 14px 0px 0px 0px;\n  }\n}\n<\/style>\n\t<\/div>\n\n\t\n\n\t<div id=\"col-844195214\" class=\"col medium-6 small-9 large-6\"  >\n\t\t\t\t<div class=\"col-inner\"  >\n\t\t\t\n\t\t\t\n\t<div class=\"img has-hover x md-x lg-x y md-y lg-y\" id=\"image_1895298760\">\n\t\t<a class=\"\" href=\"https:\/\/play.google.com\/store\/apps\/details?id=com.mw43al.pamcro&amp;pcampaignid=pcampaignidMKT-Other-global-all-co-prtnr-py-PartBadge-Mar2515-1\" >\t\t\t\t\t\t<div class=\"img-inner dark\" >\n\t\t\t<img loading=\"lazy\" decoding=\"async\" width=\"646\" height=\"250\" src=\"https:\/\/milijunas-hrvatska.com\/wp-content\/uploads\/2023\/05\/en_badge_web_generic.png\" class=\"attachment-original size-original\" alt=\"\" srcset=\"https:\/\/milijunas-hrvatska.com\/wp-content\/uploads\/2023\/05\/en_badge_web_generic.png 646w, https:\/\/milijunas-hrvatska.com\/wp-content\/uploads\/2023\/05\/en_badge_web_generic-300x116.png 300w\" sizes=\"auto, (max-width: 646px) 100vw, 646px\" \/>\t\t\t\t\t\t\n\t\t\t\t\t<\/div>\n\t\t\t\t\t\t<\/a>\t\t\n<style>\n#image_1895298760 {\n  width: 100%;\n}\n<\/style>\n\t<\/div>\n\t\n\t\t<\/div>\n\t\t\t\t\t<\/div>\n\n\t\n<\/div>\n\t\t\t<\/div>\n\t\t<\/div>\n\t<\/div>\n\t\n\t\t<\/div>\n\t\t\t\t\t<\/div>\n\n\t\n\n\t<div id=\"col-872681866\" class=\"col medium-6 small-5 large-6\"  >\n\t\t\t\t<div class=\"col-inner\"  >\n\t\t\t\n\t\t\t\n\n  <div class=\"banner has-hover has-video\" id=\"banner-46463122\">\n          <div class=\"banner-inner fill\">\n        <div class=\"banner-bg fill\" >\n            <div class=\"bg fill bg-fill \"><\/div>\n            \t<div class=\"video-overlay no-click fill visible\"><\/div>\n\t<video class=\"video-bg fill visible\" preload playsinline autoplay muted loop>\n\t\t<source src=\"https:\/\/milijunas-hrvatska.com\/wp-content\/uploads\/2023\/05\/New-post-for-social-media-with-phone-screen-and-blurred-background-6.mp4\" type=\"video\/mp4\">\t<\/video>\n                        \n                    <\/div>\n\t\t\n        <div class=\"banner-layers container\">\n            <div class=\"fill banner-link\"><\/div>            \n        <\/div>\n      <\/div>\n\n            \n<style>\n#banner-46463122 {\n  padding-top: 312px;\n}\n@media (min-width:550px) {\n  #banner-46463122 {\n    padding-top: 596px;\n  }\n}\n<\/style>\n  <\/div>\n\n\n\t\t<\/div>\n\t\t\t\t\t<\/div>\n\n\t\n<\/div>\n\t\t<\/div>\n\n\t\t\n<style>\n#section_873881953 {\n  padding-top: 43px;\n  padding-bottom: 43px;\n}\n<\/style>\n\t<\/section>\n\t\n<div class=\"social-icons follow-icons full-width text-center\" style=\"font-size:114%\"><a href=\"https:\/\/www.facebook.com\/pametnjakovic\" target=\"_blank\" data-label=\"Facebook\" class=\"icon primary button circle facebook tooltip\" title=\"Sledi na Facebook\" aria-label=\"Sledi na Facebook\" rel=\"noopener nofollow\" ><i class=\"icon-facebook\" ><\/i><\/a><a href=\"https:\/\/www.instagram.com\/pametnjakovic_hrvatska\/?igshid=YmMyMTA2M2Y%3D\" target=\"_blank\" data-label=\"Instagram\" class=\"icon primary button circle instagram tooltip\" title=\"Sledi nam na Instagramu\" aria-label=\"Sledi nam na Instagramu\" rel=\"noopener nofollow\" ><i class=\"icon-instagram\" ><\/i><\/a><\/div>\n","protected":false},"excerpt":{"rendered":"","protected":false},"author":1,"featured_media":0,"parent":0,"menu_order":0,"comment_status":"closed","ping_status":"open","template":"page-blank.php","meta":{"footnotes":""},"class_list":["post-2","page","type-page","status-publish","hentry"],"yoast_head":"<!-- This site is optimized with the Yoast SEO plugin v23.3 - https:\/\/yoast.com\/wordpress\/plugins\/seo\/ -->\n<title>Milijuna\u0161 Hrvatska - Pametnjakovi\u0107 Hrvatska<\/title>\n<meta name=\"description\" content=\"Oku\u0161ajte se u kvizu Pametnjakovi\u010d Hrvatska i natje\u010dite se s ostalim igra\u010dima. Ne zaboravite isprobati Pametnjakovi\u0107 izazove.\" \/>\n<meta name=\"robots\" content=\"index, follow, max-snippet:-1, max-image-preview:large, max-video-preview:-1\" \/>\n<link rel=\"canonical\" href=\"https:\/\/milijunas-hrvatska.com\/\" \/>\n<meta property=\"og:locale\" content=\"sl_SI\" \/>\n<meta property=\"og:type\" content=\"article\" \/>\n<meta property=\"og:title\" content=\"Milijuna\u0161 Hrvatska - Pametnjakovi\u0107 Hrvatska\" \/>\n<meta property=\"og:description\" content=\"Oku\u0161ajte se u kvizu Pametnjakovi\u010d Hrvatska i natje\u010dite se s ostalim igra\u010dima. Ne zaboravite isprobati Pametnjakovi\u0107 izazove.\" \/>\n<meta property=\"og:url\" content=\"https:\/\/milijunas-hrvatska.com\/\" \/>\n<meta property=\"og:site_name\" content=\"Pametnjakovi\u0107 Hrvatska\" \/>\n<meta property=\"article:publisher\" content=\"https:\/\/www.facebook.com\/pametnjakovic\" \/>\n<meta property=\"article:modified_time\" content=\"2024-09-02T11:20:44+00:00\" \/>\n<meta name=\"twitter:card\" content=\"summary_large_image\" \/>\n<meta name=\"twitter:label1\" content=\"Est. reading time\" \/>\n\t<meta name=\"twitter:data1\" content=\"1 minuta\" \/>\n<script type=\"application\/ld+json\" class=\"yoast-schema-graph\">{\"@context\":\"https:\/\/schema.org\",\"@graph\":[{\"@type\":\"WebPage\",\"@id\":\"https:\/\/milijunas-hrvatska.com\/\",\"url\":\"https:\/\/milijunas-hrvatska.com\/\",\"name\":\"Milijuna\u0161 Hrvatska - Pametnjakovi\u0107 Hrvatska\",\"isPartOf\":{\"@id\":\"https:\/\/milijunas-hrvatska.com\/#website\"},\"datePublished\":\"2023-04-24T15:45:56+00:00\",\"dateModified\":\"2024-09-02T11:20:44+00:00\",\"description\":\"Oku\u0161ajte se u kvizu Pametnjakovi\u010d Hrvatska i natje\u010dite se s ostalim igra\u010dima. Ne zaboravite isprobati Pametnjakovi\u0107 izazove.\",\"breadcrumb\":{\"@id\":\"https:\/\/milijunas-hrvatska.com\/#breadcrumb\"},\"inLanguage\":\"sl-SI\",\"potentialAction\":[{\"@type\":\"ReadAction\",\"target\":[\"https:\/\/milijunas-hrvatska.com\/\"]}]},{\"@type\":\"BreadcrumbList\",\"@id\":\"https:\/\/milijunas-hrvatska.com\/#breadcrumb\",\"itemListElement\":[{\"@type\":\"ListItem\",\"position\":1,\"name\":\"Home\",\"item\":\"https:\/\/milijunas-hrvatska.com\/\"},{\"@type\":\"ListItem\",\"position\":2,\"name\":\"Milijuna\u0161 Hrvatska\"}]},{\"@type\":\"WebSite\",\"@id\":\"https:\/\/milijunas-hrvatska.com\/#website\",\"url\":\"https:\/\/milijunas-hrvatska.com\/\",\"name\":\"Pametnjakovi\u0107 Hrvatska\",\"description\":\"Slu\u017ebena stranica aplikacije Pametnjakovi\u0107 Hrvatska\",\"publisher\":{\"@id\":\"https:\/\/milijunas-hrvatska.com\/#organization\"},\"potentialAction\":[{\"@type\":\"SearchAction\",\"target\":{\"@type\":\"EntryPoint\",\"urlTemplate\":\"https:\/\/milijunas-hrvatska.com\/?s={search_term_string}\"},\"query-input\":\"required name=search_term_string\"}],\"inLanguage\":\"sl-SI\"},{\"@type\":\"Organization\",\"@id\":\"https:\/\/milijunas-hrvatska.com\/#organization\",\"name\":\"Pametnjakovi\u0107 Hrvatska\",\"url\":\"https:\/\/milijunas-hrvatska.com\/\",\"logo\":{\"@type\":\"ImageObject\",\"inLanguage\":\"sl-SI\",\"@id\":\"https:\/\/milijunas-hrvatska.com\/#\/schema\/logo\/image\/\",\"url\":\"https:\/\/milijunas-hrvatska.com\/wp-content\/uploads\/2023\/04\/311179222_182531354289191_4078534098345751594_n.jpg\",\"contentUrl\":\"https:\/\/milijunas-hrvatska.com\/wp-content\/uploads\/2023\/04\/311179222_182531354289191_4078534098345751594_n.jpg\",\"width\":2048,\"height\":2047,\"caption\":\"Pametnjakovi\u0107 Hrvatska\"},\"image\":{\"@id\":\"https:\/\/milijunas-hrvatska.com\/#\/schema\/logo\/image\/\"},\"sameAs\":[\"https:\/\/www.facebook.com\/pametnjakovic\"]}]}<\/script>\n<!-- \/ Yoast SEO plugin. -->","yoast_head_json":{"title":"Milijuna\u0161 Hrvatska - Pametnjakovi\u0107 Hrvatska","description":"Oku\u0161ajte se u kvizu Pametnjakovi\u010d Hrvatska i natje\u010dite se s ostalim igra\u010dima. Ne zaboravite isprobati Pametnjakovi\u0107 izazove.","robots":{"index":"index","follow":"follow","max-snippet":"max-snippet:-1","max-image-preview":"max-image-preview:large","max-video-preview":"max-video-preview:-1"},"canonical":"https:\/\/milijunas-hrvatska.com\/","og_locale":"sl_SI","og_type":"article","og_title":"Milijuna\u0161 Hrvatska - Pametnjakovi\u0107 Hrvatska","og_description":"Oku\u0161ajte se u kvizu Pametnjakovi\u010d Hrvatska i natje\u010dite se s ostalim igra\u010dima. Ne zaboravite isprobati Pametnjakovi\u0107 izazove.","og_url":"https:\/\/milijunas-hrvatska.com\/","og_site_name":"Pametnjakovi\u0107 Hrvatska","article_publisher":"https:\/\/www.facebook.com\/pametnjakovic","article_modified_time":"2024-09-02T11:20:44+00:00","twitter_card":"summary_large_image","twitter_misc":{"Est. reading time":"1 minuta"},"schema":{"@context":"https:\/\/schema.org","@graph":[{"@type":"WebPage","@id":"https:\/\/milijunas-hrvatska.com\/","url":"https:\/\/milijunas-hrvatska.com\/","name":"Milijuna\u0161 Hrvatska - Pametnjakovi\u0107 Hrvatska","isPartOf":{"@id":"https:\/\/milijunas-hrvatska.com\/#website"},"datePublished":"2023-04-24T15:45:56+00:00","dateModified":"2024-09-02T11:20:44+00:00","description":"Oku\u0161ajte se u kvizu Pametnjakovi\u010d Hrvatska i natje\u010dite se s ostalim igra\u010dima. Ne zaboravite isprobati Pametnjakovi\u0107 izazove.","breadcrumb":{"@id":"https:\/\/milijunas-hrvatska.com\/#breadcrumb"},"inLanguage":"sl-SI","potentialAction":[{"@type":"ReadAction","target":["https:\/\/milijunas-hrvatska.com\/"]}]},{"@type":"BreadcrumbList","@id":"https:\/\/milijunas-hrvatska.com\/#breadcrumb","itemListElement":[{"@type":"ListItem","position":1,"name":"Home","item":"https:\/\/milijunas-hrvatska.com\/"},{"@type":"ListItem","position":2,"name":"Milijuna\u0161 Hrvatska"}]},{"@type":"WebSite","@id":"https:\/\/milijunas-hrvatska.com\/#website","url":"https:\/\/milijunas-hrvatska.com\/","name":"Pametnjakovi\u0107 Hrvatska","description":"Slu\u017ebena stranica aplikacije Pametnjakovi\u0107 Hrvatska","publisher":{"@id":"https:\/\/milijunas-hrvatska.com\/#organization"},"potentialAction":[{"@type":"SearchAction","target":{"@type":"EntryPoint","urlTemplate":"https:\/\/milijunas-hrvatska.com\/?s={search_term_string}"},"query-input":"required name=search_term_string"}],"inLanguage":"sl-SI"},{"@type":"Organization","@id":"https:\/\/milijunas-hrvatska.com\/#organization","name":"Pametnjakovi\u0107 Hrvatska","url":"https:\/\/milijunas-hrvatska.com\/","logo":{"@type":"ImageObject","inLanguage":"sl-SI","@id":"https:\/\/milijunas-hrvatska.com\/#\/schema\/logo\/image\/","url":"https:\/\/milijunas-hrvatska.com\/wp-content\/uploads\/2023\/04\/311179222_182531354289191_4078534098345751594_n.jpg","contentUrl":"https:\/\/milijunas-hrvatska.com\/wp-content\/uploads\/2023\/04\/311179222_182531354289191_4078534098345751594_n.jpg","width":2048,"height":2047,"caption":"Pametnjakovi\u0107 Hrvatska"},"image":{"@id":"https:\/\/milijunas-hrvatska.com\/#\/schema\/logo\/image\/"},"sameAs":["https:\/\/www.facebook.com\/pametnjakovic"]}]}},"_links":{"self":[{"href":"https:\/\/milijunas-hrvatska.com\/index.php?rest_route=\/wp\/v2\/pages\/2","targetHints":{"allow":["GET"]}}],"collection":[{"href":"https:\/\/milijunas-hrvatska.com\/index.php?rest_route=\/wp\/v2\/pages"}],"about":[{"href":"https:\/\/milijunas-hrvatska.com\/index.php?rest_route=\/wp\/v2\/types\/page"}],"author":[{"embeddable":true,"href":"https:\/\/milijunas-hrvatska.com\/index.php?rest_route=\/wp\/v2\/users\/1"}],"replies":[{"embeddable":true,"href":"https:\/\/milijunas-hrvatska.com\/index.php?rest_route=%2Fwp%2Fv2%2Fcomments&post=2"}],"version-history":[{"count":29,"href":"https:\/\/milijunas-hrvatska.com\/index.php?rest_route=\/wp\/v2\/pages\/2\/revisions"}],"predecessor-version":[{"id":100,"href":"https:\/\/milijunas-hrvatska.com\/index.php?rest_route=\/wp\/v2\/pages\/2\/revisions\/100"}],"wp:attachment":[{"href":"https:\/\/milijunas-hrvatska.com\/index.php?rest_route=%2Fwp%2Fv2%2Fmedia&parent=2"}],"curies":[{"name":"wp","href":"https:\/\/api.w.org\/{rel}","templated":true}]}}